{"id":26,"date":"2018-10-16T10:56:13","date_gmt":"2018-10-16T13:56:13","guid":{"rendered":"http:\/\/192.168.0.102\/sustentare-novo-site\/?page_id=26"},"modified":"2022-08-31T07:56:46","modified_gmt":"2022-08-31T10:56:46","slug":"ices","status":"publish","type":"page","link":"https:\/\/homologacao.sustentare.net\/site\/ices\/","title":{"rendered":"\u00cdndice de Confian\u00e7a Empresarial Sustentare &#8211; ICES"},"content":{"rendered":"<p>O que \u00e9 o ICES: O \u00cdndice de Confian\u00e7a Empresarial Sustentare (ICES) \u00e9 um indicador sazonal que afere a percep\u00e7\u00e3o dos empres\u00e1rios de Joinville e regi\u00e3o. \u00c9 constru\u00eddo \u00e0 partir da utiliza\u00e7\u00e3o das percep\u00e7\u00f5es sobre as condi\u00e7\u00f5es econ\u00f4micas passadas e presentes que afetam seus neg\u00f3cios e, sobre as expectativas das condi\u00e7\u00f5es econ\u00f4micas para o futuro \u2013 trabalhando com uma janela de tr\u00eas meses. A utiliza\u00e7\u00e3o de indicadores econ\u00f4micos de curto prazo s\u00e3o dirigidas \u00e0 monitora\u00e7\u00e3o das tend\u00eancias econ\u00f4micas e tem como objetivo proporcionar \u00e0 an\u00e1lise econ\u00f4mica de forma eficiente no curto prazo os sinais de mudan\u00e7as de dire\u00e7\u00e3o na atividade econ\u00f4mica. Portanto, o ICES \u00e9 um sistema de alarme para previs\u00e3o de tend\u00eancias econ\u00f4micas, baseado em pesquisa visando obter um mapeamento das atitudes e expectativas de executivos empresariais e empreendedores. A pesquisa cobre as expectativas do mercado de trabalho, investimentos, desempenho financeiro espec\u00edfico das empresas e setores, custos de produ\u00e7\u00e3o, vendas (para os mercados nacional e internacional), infla\u00e7\u00e3o e n\u00edvel de acesso \u00e0 recursos financeiros proveniente dos agentes financeiros.<\/p>\n<p><strong>Prof. Ricardo Della Santina Torres<\/strong><br \/>\nCoordenador ICES<br \/>\n<a href=\"mailto:ices@sustentare.net\">ices@sustentare.net<\/a><\/p>\n","protected":false},"excerpt":{"rendered":"<p>O que \u00e9 o ICES: O \u00cdndice de Confian\u00e7a Empresarial Sustentare (ICES) \u00e9 um indicador sazonal que afere a percep\u00e7\u00e3o dos empres\u00e1rios de Joinville e regi\u00e3o. \u00c9 constru\u00eddo \u00e0 partir da utiliza\u00e7 ...","protected":false},"author":4,"featured_media":133777,"parent":0,"menu_order":0,"comment_status":"closed","ping_status":"closed","template":"","meta":{"_acf_changed":false,"inline_featured_image":false,"footnotes":""},"class_list":["post-26","page","type-page","status-publish","has-post-thumbnail","hentry"],"acf":[],"yoast_head":"<!-- This site is optimized with the Yoast SEO plugin v27.1.1 - https:\/\/yoast.com\/product\/yoast-seo-wordpress\/ -->\n<title>\u00cdndice de Confian\u00e7a Empresarial Sustentare - ICES | Sustentare - Escola de Neg\u00f3cios<\/title>\n<meta name=\"description\" content=\"O que \u00e9 o ICES: O \u00cdndice de Confian\u00e7a Empresarial Sustentare (ICES) \u00e9 um indicador sazonal que afere a percep\u00e7\u00e3o dos empres\u00e1rios de Joinville e regi\u00e3o. \u00c9\" \/>\n<meta name=\"robots\" content=\"index, follow, max-snippet:-1, max-image-preview:large, max-video-preview:-1\" \/>\n<link rel=\"canonical\" href=\"https:\/\/homologacao.sustentare.net\/site\/ices\/\" \/>\n<meta property=\"og:locale\" content=\"pt_BR\" \/>\n<meta property=\"og:type\" content=\"article\" \/>\n<meta property=\"og:title\" content=\"\u00cdndice de Confian\u00e7a Empresarial Sustentare - ICES | Sustentare - Escola de Neg\u00f3cios\" \/>\n<meta property=\"og:description\" content=\"O que \u00e9 o ICES: O \u00cdndice de Confian\u00e7a Empresarial Sustentare (ICES) \u00e9 um indicador sazonal que afere a percep\u00e7\u00e3o dos empres\u00e1rios de Joinville e regi\u00e3o. \u00c9\" \/>\n<meta property=\"og:url\" content=\"https:\/\/homologacao.sustentare.net\/site\/ices\/\" \/>\n<meta property=\"og:site_name\" content=\"Sustentare - Escola de Neg\u00f3cios\" \/>\n<meta property=\"article:publisher\" content=\"https:\/\/www.facebook.com\/sustentare\" \/>\n<meta property=\"article:modified_time\" content=\"2022-08-31T10:56:46+00:00\" \/>\n<meta property=\"og:image\" content=\"https:\/\/homologacao.sustentare.net\/site\/wp-content\/uploads\/2021\/11\/bannerPrincipal-Desk-ices-04-2021.png\" \/>\n\t<meta property=\"og:image:width\" content=\"1920\" \/>\n\t<meta property=\"og:image:height\" content=\"630\" \/>\n\t<meta property=\"og:image:type\" content=\"image\/png\" \/>\n<meta name=\"twitter:card\" content=\"summary_large_image\" \/>\n<meta name=\"twitter:site\" content=\"@sustentare\" \/>\n<meta name=\"twitter:label1\" content=\"Est. tempo de leitura\" \/>\n\t<meta name=\"twitter:data1\" content=\"1 minuto\" \/>\n<script type=\"application\/ld+json\" class=\"yoast-schema-graph\">{\"@context\":\"https:\/\/schema.org\",\"@graph\":[{\"@type\":\"WebPage\",\"@id\":\"https:\/\/homologacao.sustentare.net\/site\/ices\/\",\"url\":\"https:\/\/homologacao.sustentare.net\/site\/ices\/\",\"name\":\"\u00cdndice de Confian\u00e7a Empresarial Sustentare - ICES | Sustentare - Escola de Neg\u00f3cios\",\"isPartOf\":{\"@id\":\"https:\/\/homologacao.sustentare.net\/site\/#website\"},\"primaryImageOfPage\":{\"@id\":\"https:\/\/homologacao.sustentare.net\/site\/ices\/#primaryimage\"},\"image\":{\"@id\":\"https:\/\/homologacao.sustentare.net\/site\/ices\/#primaryimage\"},\"thumbnailUrl\":\"https:\/\/homologacao.sustentare.net\/site\/wp-content\/uploads\/2021\/11\/bannerPrincipal-Desk-ices-04-2021.png\",\"datePublished\":\"2018-10-16T13:56:13+00:00\",\"dateModified\":\"2022-08-31T10:56:46+00:00\",\"description\":\"O que \u00e9 o ICES: O \u00cdndice de Confian\u00e7a Empresarial Sustentare (ICES) \u00e9 um indicador sazonal que afere a percep\u00e7\u00e3o dos empres\u00e1rios de Joinville e regi\u00e3o. \u00c9\",\"breadcrumb\":{\"@id\":\"https:\/\/homologacao.sustentare.net\/site\/ices\/#breadcrumb\"},\"inLanguage\":\"pt-BR\",\"potentialAction\":[{\"@type\":\"ReadAction\",\"target\":[\"https:\/\/homologacao.sustentare.net\/site\/ices\/\"]}]},{\"@type\":\"ImageObject\",\"inLanguage\":\"pt-BR\",\"@id\":\"https:\/\/homologacao.sustentare.net\/site\/ices\/#primaryimage\",\"url\":\"https:\/\/homologacao.sustentare.net\/site\/wp-content\/uploads\/2021\/11\/bannerPrincipal-Desk-ices-04-2021.png\",\"contentUrl\":\"https:\/\/homologacao.sustentare.net\/site\/wp-content\/uploads\/2021\/11\/bannerPrincipal-Desk-ices-04-2021.png\",\"width\":1920,\"height\":630},{\"@type\":\"BreadcrumbList\",\"@id\":\"https:\/\/homologacao.sustentare.net\/site\/ices\/#breadcrumb\",\"itemListElement\":[{\"@type\":\"ListItem\",\"position\":1,\"name\":\"In\u00edcio\",\"item\":\"https:\/\/homologacao.sustentare.net\/site\/\"},{\"@type\":\"ListItem\",\"position\":2,\"name\":\"\u00cdndice de Confian\u00e7a Empresarial Sustentare &#8211; ICES\"}]},{\"@type\":\"WebSite\",\"@id\":\"https:\/\/homologacao.sustentare.net\/site\/#website\",\"url\":\"https:\/\/homologacao.sustentare.net\/site\/\",\"name\":\"Sustentare - Escola de Neg\u00f3cios\",\"description\":\"P\u00f3s-gradua\u00e7\u00e3o e MBA flex\u00edvel e pr\u00e1tico\",\"publisher\":{\"@id\":\"https:\/\/homologacao.sustentare.net\/site\/#organization\"},\"potentialAction\":[{\"@type\":\"SearchAction\",\"target\":{\"@type\":\"EntryPoint\",\"urlTemplate\":\"https:\/\/homologacao.sustentare.net\/site\/?s={search_term_string}\"},\"query-input\":{\"@type\":\"PropertyValueSpecification\",\"valueRequired\":true,\"valueName\":\"search_term_string\"}}],\"inLanguage\":\"pt-BR\"},{\"@type\":\"Organization\",\"@id\":\"https:\/\/homologacao.sustentare.net\/site\/#organization\",\"name\":\"Sustentare Escola de Neg\u00f3cios\",\"url\":\"https:\/\/homologacao.sustentare.net\/site\/\",\"logo\":{\"@type\":\"ImageObject\",\"inLanguage\":\"pt-BR\",\"@id\":\"https:\/\/homologacao.sustentare.net\/site\/#\/schema\/logo\/image\/\",\"url\":\"https:\/\/homologacao.sustentare.net\/site\/wp-content\/uploads\/2019\/02\/sustentare_facebook_squareavatar.png\",\"contentUrl\":\"https:\/\/homologacao.sustentare.net\/site\/wp-content\/uploads\/2019\/02\/sustentare_facebook_squareavatar.png\",\"width\":960,\"height\":960,\"caption\":\"Sustentare Escola de Neg\u00f3cios\"},\"image\":{\"@id\":\"https:\/\/homologacao.sustentare.net\/site\/#\/schema\/logo\/image\/\"},\"sameAs\":[\"https:\/\/www.facebook.com\/sustentare\",\"https:\/\/x.com\/sustentare\"]}]}<\/script>\n<!-- \/ Yoast SEO plugin. -->","yoast_head_json":{"title":"\u00cdndice de Confian\u00e7a Empresarial Sustentare - ICES | Sustentare - Escola de Neg\u00f3cios","description":"O que \u00e9 o ICES: O \u00cdndice de Confian\u00e7a Empresarial Sustentare (ICES) \u00e9 um indicador sazonal que afere a percep\u00e7\u00e3o dos empres\u00e1rios de Joinville e regi\u00e3o. \u00c9","robots":{"index":"index","follow":"follow","max-snippet":"max-snippet:-1","max-image-preview":"max-image-preview:large","max-video-preview":"max-video-preview:-1"},"canonical":"https:\/\/homologacao.sustentare.net\/site\/ices\/","og_locale":"pt_BR","og_type":"article","og_title":"\u00cdndice de Confian\u00e7a Empresarial Sustentare - ICES | Sustentare - Escola de Neg\u00f3cios","og_description":"O que \u00e9 o ICES: O \u00cdndice de Confian\u00e7a Empresarial Sustentare (ICES) \u00e9 um indicador sazonal que afere a percep\u00e7\u00e3o dos empres\u00e1rios de Joinville e regi\u00e3o. \u00c9","og_url":"https:\/\/homologacao.sustentare.net\/site\/ices\/","og_site_name":"Sustentare - Escola de Neg\u00f3cios","article_publisher":"https:\/\/www.facebook.com\/sustentare","article_modified_time":"2022-08-31T10:56:46+00:00","og_image":[{"width":1920,"height":630,"url":"https:\/\/homologacao.sustentare.net\/site\/wp-content\/uploads\/2021\/11\/bannerPrincipal-Desk-ices-04-2021.png","type":"image\/png"}],"twitter_card":"summary_large_image","twitter_site":"@sustentare","twitter_misc":{"Est. tempo de leitura":"1 minuto"},"schema":{"@context":"https:\/\/schema.org","@graph":[{"@type":"WebPage","@id":"https:\/\/homologacao.sustentare.net\/site\/ices\/","url":"https:\/\/homologacao.sustentare.net\/site\/ices\/","name":"\u00cdndice de Confian\u00e7a Empresarial Sustentare - ICES | Sustentare - Escola de Neg\u00f3cios","isPartOf":{"@id":"https:\/\/homologacao.sustentare.net\/site\/#website"},"primaryImageOfPage":{"@id":"https:\/\/homologacao.sustentare.net\/site\/ices\/#primaryimage"},"image":{"@id":"https:\/\/homologacao.sustentare.net\/site\/ices\/#primaryimage"},"thumbnailUrl":"https:\/\/homologacao.sustentare.net\/site\/wp-content\/uploads\/2021\/11\/bannerPrincipal-Desk-ices-04-2021.png","datePublished":"2018-10-16T13:56:13+00:00","dateModified":"2022-08-31T10:56:46+00:00","description":"O que \u00e9 o ICES: O \u00cdndice de Confian\u00e7a Empresarial Sustentare (ICES) \u00e9 um indicador sazonal que afere a percep\u00e7\u00e3o dos empres\u00e1rios de Joinville e regi\u00e3o. \u00c9","breadcrumb":{"@id":"https:\/\/homologacao.sustentare.net\/site\/ices\/#breadcrumb"},"inLanguage":"pt-BR","potentialAction":[{"@type":"ReadAction","target":["https:\/\/homologacao.sustentare.net\/site\/ices\/"]}]},{"@type":"ImageObject","inLanguage":"pt-BR","@id":"https:\/\/homologacao.sustentare.net\/site\/ices\/#primaryimage","url":"https:\/\/homologacao.sustentare.net\/site\/wp-content\/uploads\/2021\/11\/bannerPrincipal-Desk-ices-04-2021.png","contentUrl":"https:\/\/homologacao.sustentare.net\/site\/wp-content\/uploads\/2021\/11\/bannerPrincipal-Desk-ices-04-2021.png","width":1920,"height":630},{"@type":"BreadcrumbList","@id":"https:\/\/homologacao.sustentare.net\/site\/ices\/#breadcrumb","itemListElement":[{"@type":"ListItem","position":1,"name":"In\u00edcio","item":"https:\/\/homologacao.sustentare.net\/site\/"},{"@type":"ListItem","position":2,"name":"\u00cdndice de Confian\u00e7a Empresarial Sustentare &#8211; ICES"}]},{"@type":"WebSite","@id":"https:\/\/homologacao.sustentare.net\/site\/#website","url":"https:\/\/homologacao.sustentare.net\/site\/","name":"Sustentare - Escola de Neg\u00f3cios","description":"P\u00f3s-gradua\u00e7\u00e3o e MBA flex\u00edvel e pr\u00e1tico","publisher":{"@id":"https:\/\/homologacao.sustentare.net\/site\/#organization"},"potentialAction":[{"@type":"SearchAction","target":{"@type":"EntryPoint","urlTemplate":"https:\/\/homologacao.sustentare.net\/site\/?s={search_term_string}"},"query-input":{"@type":"PropertyValueSpecification","valueRequired":true,"valueName":"search_term_string"}}],"inLanguage":"pt-BR"},{"@type":"Organization","@id":"https:\/\/homologacao.sustentare.net\/site\/#organization","name":"Sustentare Escola de Neg\u00f3cios","url":"https:\/\/homologacao.sustentare.net\/site\/","logo":{"@type":"ImageObject","inLanguage":"pt-BR","@id":"https:\/\/homologacao.sustentare.net\/site\/#\/schema\/logo\/image\/","url":"https:\/\/homologacao.sustentare.net\/site\/wp-content\/uploads\/2019\/02\/sustentare_facebook_squareavatar.png","contentUrl":"https:\/\/homologacao.sustentare.net\/site\/wp-content\/uploads\/2019\/02\/sustentare_facebook_squareavatar.png","width":960,"height":960,"caption":"Sustentare Escola de Neg\u00f3cios"},"image":{"@id":"https:\/\/homologacao.sustentare.net\/site\/#\/schema\/logo\/image\/"},"sameAs":["https:\/\/www.facebook.com\/sustentare","https:\/\/x.com\/sustentare"]}]}},"_links":{"self":[{"href":"https:\/\/homologacao.sustentare.net\/site\/wp-json\/wp\/v2\/pages\/26","targetHints":{"allow":["GET"]}}],"collection":[{"href":"https:\/\/homologacao.sustentare.net\/site\/wp-json\/wp\/v2\/pages"}],"about":[{"href":"https:\/\/homologacao.sustentare.net\/site\/wp-json\/wp\/v2\/types\/page"}],"author":[{"embeddable":true,"href":"https:\/\/homologacao.sustentare.net\/site\/wp-json\/wp\/v2\/users\/4"}],"replies":[{"embeddable":true,"href":"https:\/\/homologacao.sustentare.net\/site\/wp-json\/wp\/v2\/comments?post=26"}],"version-history":[{"count":0,"href":"https:\/\/homologacao.sustentare.net\/site\/wp-json\/wp\/v2\/pages\/26\/revisions"}],"wp:featuredmedia":[{"embeddable":true,"href":"https:\/\/homologacao.sustentare.net\/site\/wp-json\/wp\/v2\/media\/133777"}],"wp:attachment":[{"href":"https:\/\/homologacao.sustentare.net\/site\/wp-json\/wp\/v2\/media?parent=26"}],"curies":[{"name":"wp","href":"https:\/\/api.w.org\/{rel}","templated":true}]}}

Índice de Confiança Empresarial Sustentare &#8211; ICES

<p>O que é o ICES: O Índice de Confiança Empresarial Sustentare (ICES) é um indicador sazonal que afere a percepção dos empresários de Joinville e região. É construído à partir da utilização das percepções sobre as condições econômicas passadas e presentes que afetam seus negócios e, sobre as expectativas das condições econômicas para o futuro – trabalhando com uma janela de três meses. A utilização de indicadores econômicos de curto prazo são dirigidas à monitoração das tendências econômicas e tem como objetivo proporcionar à análise econômica de forma eficiente no curto prazo os sinais de mudanças de direção na atividade econômica. Portanto, o ICES é um sistema de alarme para previsão de tendências econômicas, baseado em pesquisa visando obter um mapeamento das atitudes e expectativas de executivos empresariais e empreendedores. A pesquisa cobre as expectativas do mercado de trabalho, investimentos, desempenho financeiro específico das empresas e setores, custos de produção, vendas (para os mercados nacional e internacional), inflação e nível de acesso à recursos financeiros proveniente dos agentes financeiros.</p>
<p><strong>Prof. Ricardo Della Santina Torres</strong><br />
Coordenador ICES<br />
<a href="mailto:ices@sustentare.net">ices@sustentare.net</a></p>

<p>O que é o ICES: O Índice de Confiança Empresarial Sustentare (ICES) é um indicador sazonal que afere a percepção dos empresários de Joinville e região. É construído à partir da utilizaç ...

<!-- This site is optimized with the Yoast SEO plugin v27.1.1 - https://yoast.com/product/yoast-seo-wordpress/ -->
<title>Índice de Confiança Empresarial Sustentare - ICES | Sustentare - Escola de Negócios</title>
<meta name="description" content="O que é o ICES: O Índice de Confiança Empresarial Sustentare (ICES) é um indicador sazonal que afere a percepção dos empresários de Joinville e região. É" />
<meta name="robots" content="index, follow, max-snippet:-1, max-image-preview:large, max-video-preview:-1" />
<link rel="canonical" href="https://homologacao.sustentare.net/site/ices/" />
<meta property="og:locale" content="pt_BR" />
<meta property="og:type" content="article" />
<meta property="og:title" content="Índice de Confiança Empresarial Sustentare - ICES | Sustentare - Escola de Negócios" />
<meta property="og:description" content="O que é o ICES: O Índice de Confiança Empresarial Sustentare (ICES) é um indicador sazonal que afere a percepção dos empresários de Joinville e região. É" />
<meta property="og:url" content="https://homologacao.sustentare.net/site/ices/" />
<meta property="og:site_name" content="Sustentare - Escola de Negócios" />
<meta property="article:publisher" content="https://www.facebook.com/sustentare" />
<meta property="article:modified_time" content="2022-08-31T10:56:46+00:00" />
<meta property="og:image" content="https://homologacao.sustentare.net/site/wp-content/uploads/2021/11/bannerPrincipal-Desk-ices-04-2021.png" />
	<meta property="og:image:width" content="1920" />
	<meta property="og:image:height" content="630" />
	<meta property="og:image:type" content="image/png" />
<meta name="twitter:card" content="summary_large_image" />
<meta name="twitter:site" content="@sustentare" />
<meta name="twitter:label1" content="Est. tempo de leitura" />
	<meta name="twitter:data1" content="1 minuto" />
<script type="application/ld+json" class="yoast-schema-graph">{"@context":"https://schema.org","@graph":[{"@type":"WebPage","@id":"https://homologacao.sustentare.net/site/ices/","url":"https://homologacao.sustentare.net/site/ices/","name":"Índice de Confiança Empresarial Sustentare - ICES | Sustentare - Escola de Negócios","isPartOf":{"@id":"https://homologacao.sustentare.net/site/#website"},"primaryImageOfPage":{"@id":"https://homologacao.sustentare.net/site/ices/#primaryimage"},"image":{"@id":"https://homologacao.sustentare.net/site/ices/#primaryimage"},"thumbnailUrl":"https://homologacao.sustentare.net/site/wp-content/uploads/2021/11/bannerPrincipal-Desk-ices-04-2021.png","datePublished":"2018-10-16T13:56:13+00:00","dateModified":"2022-08-31T10:56:46+00:00","description":"O que é o ICES: O Índice de Confiança Empresarial Sustentare (ICES) é um indicador sazonal que afere a percepção dos empresários de Joinville e região. É","breadcrumb":{"@id":"https://homologacao.sustentare.net/site/ices/#breadcrumb"},"inLanguage":"pt-BR","potentialAction":[{"@type":"ReadAction","target":["https://homologacao.sustentare.net/site/ices/"]}]},{"@type":"ImageObject","inLanguage":"pt-BR","@id":"https://homologacao.sustentare.net/site/ices/#primaryimage","url":"https://homologacao.sustentare.net/site/wp-content/uploads/2021/11/bannerPrincipal-Desk-ices-04-2021.png","contentUrl":"https://homologacao.sustentare.net/site/wp-content/uploads/2021/11/bannerPrincipal-Desk-ices-04-2021.png","width":1920,"height":630},{"@type":"BreadcrumbList","@id":"https://homologacao.sustentare.net/site/ices/#breadcrumb","itemListElement":[{"@type":"ListItem","position":1,"name":"Início","item":"https://homologacao.sustentare.net/site/"},{"@type":"ListItem","position":2,"name":"Índice de Confiança Empresarial Sustentare &#8211; ICES"}]},{"@type":"WebSite","@id":"https://homologacao.sustentare.net/site/#website","url":"https://homologacao.sustentare.net/site/","name":"Sustentare - Escola de Negócios","description":"Pós-graduação e MBA flexível e prático","publisher":{"@id":"https://homologacao.sustentare.net/site/#organization"},"potentialAction":[{"@type":"SearchAction","target":{"@type":"EntryPoint","urlTemplate":"https://homologacao.sustentare.net/site/?s={search_term_string}"},"query-input":{"@type":"PropertyValueSpecification","valueRequired":true,"valueName":"search_term_string"}}],"inLanguage":"pt-BR"},{"@type":"Organization","@id":"https://homologacao.sustentare.net/site/#organization","name":"Sustentare Escola de Negócios","url":"https://homologacao.sustentare.net/site/","logo":{"@type":"ImageObject","inLanguage":"pt-BR","@id":"https://homologacao.sustentare.net/site/#/schema/logo/image/","url":"https://homologacao.sustentare.net/site/wp-content/uploads/2019/02/sustentare_facebook_squareavatar.png","contentUrl":"https://homologacao.sustentare.net/site/wp-content/uploads/2019/02/sustentare_facebook_squareavatar.png","width":960,"height":960,"caption":"Sustentare Escola de Negócios"},"image":{"@id":"https://homologacao.sustentare.net/site/#/schema/logo/image/"},"sameAs":["https://www.facebook.com/sustentare","https://x.com/sustentare"]}]}</script>
<!-- / Yoast SEO plugin. -->

Índice de Confiança Empresarial Sustentare - ICES | Sustentare - Escola de Negócios

O que é o ICES: O Índice de Confiança Empresarial Sustentare (ICES) é um indicador sazonal que afere a percepção dos empresários de Joinville e região. É

Sustentare - Escola de Negócios

Início

Pós-graduação e MBA flexível e prático

Sustentare Escola de Negócios
