{"id":20,"date":"2018-10-16T09:51:06","date_gmt":"2018-10-16T12:51:06","guid":{"rendered":"http:\/\/192.168.0.102\/sustentare-novo-site\/?page_id=20"},"modified":"2024-05-31T08:07:42","modified_gmt":"2024-05-31T11:07:42","slug":"diferenciais","status":"publish","type":"page","link":"https:\/\/homologacao.sustentare.net\/site\/diferenciais\/","title":{"rendered":"Diferenciais"},"content":{"rendered":"<ul>\n<li><strong>A Sustentare atua em Joinville desde 2005<\/strong> &#8211; uma das mais tradicionais institui\u00e7\u00f5es de ensino na educa\u00e7\u00e3o p\u00f3s-graduada; aliando modernidade e competitividade junto aos cursos de P\u00f3s e MBA.<\/li>\n<li><strong>A Sustentare e parcerias<\/strong> &#8211; Temos acordos de interc\u00e2mbio e cursos em parceria com a Universidade da Fl\u00f3rida (Estados Unidos) e com o Instituto Superior de Estat\u00edstica e Gest\u00e3o da Informa\u00e7\u00e3o da Universidade NOVA de Lisboa (Isegi-Nova, Portugal).<\/li>\n<li><strong>Rede de Amizades<\/strong> &#8211; Aluno da Sustentare que indicar novos alunos pode ganhar at\u00e9 100% de desconto nas mensalidades, saiba como clicando <span style=\"color: #0000ff;\"><a style=\"color: #0000ff;\" href=\"http:\/\/cursos.sustentare.net\/rede-de-amizades\">aqui<\/a>.<\/span><\/li>\n<li><strong>Sustentare: FLEX\u00cdVEL E PR\u00c1TICO<\/strong> &#8211; os programas de P\u00f3s-Gradua\u00e7\u00e3o e MBA da Sustentare Escola de Neg\u00f3cios s\u00e3o flex\u00edveis e pr\u00e1ticos, seja na modularidade dos cursos, prazo de integra\u00e7\u00e3o e finaliza\u00e7\u00e3o dos cursos, projetos empresariais aplicados (PEA), capacita\u00e7\u00f5es essencialmente pr\u00e1ticas.<\/li>\n<li><strong>Excel\u00eancia do Corpo Docente<\/strong> &#8211; os professores aliam teoria e pr\u00e1tica, com larga experi\u00eancia profissional, al\u00e9m de fazerem parte de renomadas escolas de neg\u00f3cios: Ibmec, ITA, USP, Dom Cabral, ESPM, FAAP e FIA dentre outras: 100% dos professores s\u00e3o Doutores, Mestres ou MBA; 100% dos professores s\u00e3o l\u00edderes empreendedores. 100% dos professores possuem atividades extra acad\u00eamicas, como executivos, em cargos gerenciais, consultores e empreendedores.<\/li>\n<li><strong>Modernos Cursos de P\u00f3s e MBA<\/strong> &#8211; s\u00e3o mais de 30 op\u00e7\u00f5es de cursos de P\u00f3s-gradua\u00e7\u00e3o e MBA. Destaque para o MBE &#8211; Master Business e Empreendedorismo da Sustentare em parceria com a ACIJ.<\/li>\n<li><strong>Cr\u00e9dito Educativo<\/strong> &#8211; A Sustentare disp\u00f5e de Cr\u00e9dito Educativo pr\u00f3prio; n\u00e3o h\u00e1 necessidade do aluno buscar o financiamento junto a bancos e\/ou institui\u00e7\u00f5es financeiras. Aumento do n\u00famero de parcelas e sem juros.<\/li>\n<li><strong>Bolsas de Estudo Online<\/strong> &#8211; O Candidato pode obter bolsa de estudo de acordo com o seu desempenho em uma prova online. Clique <span style=\"color: #0000ff;\"><strong><a style=\"color: #0000ff;\" href=\"https:\/\/homologacao.sustentare.net\/site\/bolsa-de-estudos\/\">aqui.<\/a><\/strong><\/span><\/li>\n<li><strong>Programas de Equaliza\u00e7\u00e3o<\/strong> &#8211; IN\u00c9DITO na regi\u00e3o, programa visa homogeneizar conceitos e conhecimentos de todos os alunos, antes de iniciarem os seus cursos; programa gratuito com presen\u00e7a opcional. M\u00f3dulos de Contabilidade, Matem\u00e1tica Financeira, Estat\u00edstica, Gest\u00e3o e Marketing.<\/li>\n<li><strong>Workshop Planejamento de Carreira<\/strong> &#8211; reflex\u00f5es pessoais, planejamento de carreira, habilidades e compet\u00eancias, al\u00e9m de muita integra\u00e7\u00e3o e networking.<\/li>\n<li><strong>Aula Master e Integra\u00e7\u00e3o<\/strong> &#8211; contamos com um time de professores, abordando temas emergentes.<\/li>\n<li><strong>PEA Projeto Empresarial Aplicado<\/strong> &#8211; muito mais que um trabalho de conclus\u00e3o de curso ou monografia, uma oportunidade \u00fanica de aprender fazendo.<\/li>\n<\/ul>\n<h3 class=\"title title-3\">Principais Pontos a Analisar na escolha de um Curso de P\u00f3s-Gradua\u00e7\u00e3o e\/ou MBA<\/h3>\n<ul>\n<li><strong>Acompanhar<\/strong> o hist\u00f3rico da Institui\u00e7\u00e3o de Ensino Superior;<\/li>\n<li><strong>Avaliar<\/strong> a matriz curricular (se est\u00e1 em compasso com o mercado) e flexibilidade na capacita\u00e7\u00e3o em termos de modularidade (disciplinas opcionais, b\u00e1sicas e espec\u00edficas para forma\u00e7\u00e3o das turmas);<\/li>\n<li><strong>Analisar<\/strong> a proced\u00eancia dos professores (quais institui\u00e7\u00f5es de ensino trabalham e\/ou se s\u00e3o formados), bem como curr\u00edculo acad\u00eamico e profissional;<\/li>\n<li><strong>Verificar<\/strong> o processo ensino\/aprendizagem (m\u00e9todos de ensino, programas de equaliza\u00e7\u00e3o de conte\u00fados, avalia\u00e7\u00f5es, atividades pr\u00e1ticas, PEA \u2013 Projeto Empresarial Aplicado, visitas\/tours empresariais);<\/li>\n<li><strong>Comparar<\/strong> os hor\u00e1rios que os cursos ser\u00e3o ministrados;<\/li>\n<li><strong>Identificar<\/strong> os ganhos em termos de aplicabilidade, vida pessoal e profissional;<\/li>\n<li><strong>Participar<\/strong> de aulas demonstra\u00e7\u00f5es;<\/li>\n<li><strong>Manter<\/strong> contato com alunos e ex-alunos;<\/li>\n<li><strong>Refletir<\/strong> sobre custo-benef\u00edcio (valor das mensalidades x retorno pessoal e profissional); e<\/li>\n<li><strong>Avaliar<\/strong> o clima organizacional (em m\u00e9dia ser\u00e3o 18 meses de conviv\u00eancia) em termos de afetividade, respeito, transpar\u00eancia, retid\u00e3o e compromisso com o aluno.<\/li>\n<\/ul>\n","protected":false},"excerpt":{"rendered":"<p>A Sustentare atua em Joinville desde 2005 &#8211; uma das mais tradicionais institui\u00e7\u00f5es de ensino na educa\u00e7\u00e3o p\u00f3s-graduada; aliando modernidade e competitividade junto aos cursos de P\u00f3s e MB ...","protected":false},"author":4,"featured_media":0,"parent":0,"menu_order":0,"comment_status":"closed","ping_status":"closed","template":"","meta":{"_acf_changed":false,"inline_featured_image":false,"footnotes":""},"class_list":["post-20","page","type-page","status-publish","hentry"],"acf":[],"yoast_head":"<!-- This site is optimized with the Yoast SEO plugin v27.1.1 - https:\/\/yoast.com\/product\/yoast-seo-wordpress\/ -->\n<title>Diferenciais | Sustentare - Escola de Neg\u00f3cios<\/title>\n<meta name=\"description\" content=\"A Sustentare atua em Joinville desde 2005 - uma das mais tradicionais institui\u00e7\u00f5es de ensino na educa\u00e7\u00e3o p\u00f3s-graduada; aliando modernidade e\" \/>\n<meta name=\"robots\" content=\"index, follow, max-snippet:-1, max-image-preview:large, max-video-preview:-1\" \/>\n<link rel=\"canonical\" href=\"https:\/\/homologacao.sustentare.net\/site\/diferenciais\/\" \/>\n<meta property=\"og:locale\" content=\"pt_BR\" \/>\n<meta property=\"og:type\" content=\"article\" \/>\n<meta property=\"og:title\" content=\"Diferenciais | Sustentare - Escola de Neg\u00f3cios\" \/>\n<meta property=\"og:description\" content=\"A Sustentare atua em Joinville desde 2005 - uma das mais tradicionais institui\u00e7\u00f5es de ensino na educa\u00e7\u00e3o p\u00f3s-graduada; aliando modernidade e\" \/>\n<meta property=\"og:url\" content=\"https:\/\/homologacao.sustentare.net\/site\/diferenciais\/\" \/>\n<meta property=\"og:site_name\" content=\"Sustentare - Escola de Neg\u00f3cios\" \/>\n<meta property=\"article:publisher\" content=\"https:\/\/www.facebook.com\/sustentare\" \/>\n<meta property=\"article:modified_time\" content=\"2024-05-31T11:07:42+00:00\" \/>\n<meta property=\"og:image\" content=\"https:\/\/homologacao.sustentare.net\/site\/wp-content\/uploads\/2019\/02\/sustentare_facebook_squareavatar.png\" \/>\n\t<meta property=\"og:image:width\" content=\"960\" \/>\n\t<meta property=\"og:image:height\" content=\"960\" \/>\n\t<meta property=\"og:image:type\" content=\"image\/png\" \/>\n<meta name=\"twitter:card\" content=\"summary_large_image\" \/>\n<meta name=\"twitter:site\" content=\"@sustentare\" \/>\n<meta name=\"twitter:label1\" content=\"Est. tempo de leitura\" \/>\n\t<meta name=\"twitter:data1\" content=\"3 minutos\" \/>\n<script type=\"application\/ld+json\" class=\"yoast-schema-graph\">{\"@context\":\"https:\/\/schema.org\",\"@graph\":[{\"@type\":\"WebPage\",\"@id\":\"https:\/\/homologacao.sustentare.net\/site\/diferenciais\/\",\"url\":\"https:\/\/homologacao.sustentare.net\/site\/diferenciais\/\",\"name\":\"Diferenciais | Sustentare - Escola de Neg\u00f3cios\",\"isPartOf\":{\"@id\":\"https:\/\/homologacao.sustentare.net\/site\/#website\"},\"datePublished\":\"2018-10-16T12:51:06+00:00\",\"dateModified\":\"2024-05-31T11:07:42+00:00\",\"description\":\"A Sustentare atua em Joinville desde 2005 - uma das mais tradicionais institui\u00e7\u00f5es de ensino na educa\u00e7\u00e3o p\u00f3s-graduada; aliando modernidade e\",\"breadcrumb\":{\"@id\":\"https:\/\/homologacao.sustentare.net\/site\/diferenciais\/#breadcrumb\"},\"inLanguage\":\"pt-BR\",\"potentialAction\":[{\"@type\":\"ReadAction\",\"target\":[\"https:\/\/homologacao.sustentare.net\/site\/diferenciais\/\"]}]},{\"@type\":\"BreadcrumbList\",\"@id\":\"https:\/\/homologacao.sustentare.net\/site\/diferenciais\/#breadcrumb\",\"itemListElement\":[{\"@type\":\"ListItem\",\"position\":1,\"name\":\"In\u00edcio\",\"item\":\"https:\/\/homologacao.sustentare.net\/site\/\"},{\"@type\":\"ListItem\",\"position\":2,\"name\":\"Diferenciais\"}]},{\"@type\":\"WebSite\",\"@id\":\"https:\/\/homologacao.sustentare.net\/site\/#website\",\"url\":\"https:\/\/homologacao.sustentare.net\/site\/\",\"name\":\"Sustentare - Escola de Neg\u00f3cios\",\"description\":\"P\u00f3s-gradua\u00e7\u00e3o e MBA flex\u00edvel e pr\u00e1tico\",\"publisher\":{\"@id\":\"https:\/\/homologacao.sustentare.net\/site\/#organization\"},\"potentialAction\":[{\"@type\":\"SearchAction\",\"target\":{\"@type\":\"EntryPoint\",\"urlTemplate\":\"https:\/\/homologacao.sustentare.net\/site\/?s={search_term_string}\"},\"query-input\":{\"@type\":\"PropertyValueSpecification\",\"valueRequired\":true,\"valueName\":\"search_term_string\"}}],\"inLanguage\":\"pt-BR\"},{\"@type\":\"Organization\",\"@id\":\"https:\/\/homologacao.sustentare.net\/site\/#organization\",\"name\":\"Sustentare Escola de Neg\u00f3cios\",\"url\":\"https:\/\/homologacao.sustentare.net\/site\/\",\"logo\":{\"@type\":\"ImageObject\",\"inLanguage\":\"pt-BR\",\"@id\":\"https:\/\/homologacao.sustentare.net\/site\/#\/schema\/logo\/image\/\",\"url\":\"https:\/\/homologacao.sustentare.net\/site\/wp-content\/uploads\/2019\/02\/sustentare_facebook_squareavatar.png\",\"contentUrl\":\"https:\/\/homologacao.sustentare.net\/site\/wp-content\/uploads\/2019\/02\/sustentare_facebook_squareavatar.png\",\"width\":960,\"height\":960,\"caption\":\"Sustentare Escola de Neg\u00f3cios\"},\"image\":{\"@id\":\"https:\/\/homologacao.sustentare.net\/site\/#\/schema\/logo\/image\/\"},\"sameAs\":[\"https:\/\/www.facebook.com\/sustentare\",\"https:\/\/x.com\/sustentare\"]}]}<\/script>\n<!-- \/ Yoast SEO plugin. -->","yoast_head_json":{"title":"Diferenciais | Sustentare - Escola de Neg\u00f3cios","description":"A Sustentare atua em Joinville desde 2005 - uma das mais tradicionais institui\u00e7\u00f5es de ensino na educa\u00e7\u00e3o p\u00f3s-graduada; aliando modernidade e","robots":{"index":"index","follow":"follow","max-snippet":"max-snippet:-1","max-image-preview":"max-image-preview:large","max-video-preview":"max-video-preview:-1"},"canonical":"https:\/\/homologacao.sustentare.net\/site\/diferenciais\/","og_locale":"pt_BR","og_type":"article","og_title":"Diferenciais | Sustentare - Escola de Neg\u00f3cios","og_description":"A Sustentare atua em Joinville desde 2005 - uma das mais tradicionais institui\u00e7\u00f5es de ensino na educa\u00e7\u00e3o p\u00f3s-graduada; aliando modernidade e","og_url":"https:\/\/homologacao.sustentare.net\/site\/diferenciais\/","og_site_name":"Sustentare - Escola de Neg\u00f3cios","article_publisher":"https:\/\/www.facebook.com\/sustentare","article_modified_time":"2024-05-31T11:07:42+00:00","og_image":[{"width":960,"height":960,"url":"https:\/\/homologacao.sustentare.net\/site\/wp-content\/uploads\/2019\/02\/sustentare_facebook_squareavatar.png","type":"image\/png"}],"twitter_card":"summary_large_image","twitter_site":"@sustentare","twitter_misc":{"Est. tempo de leitura":"3 minutos"},"schema":{"@context":"https:\/\/schema.org","@graph":[{"@type":"WebPage","@id":"https:\/\/homologacao.sustentare.net\/site\/diferenciais\/","url":"https:\/\/homologacao.sustentare.net\/site\/diferenciais\/","name":"Diferenciais | Sustentare - Escola de Neg\u00f3cios","isPartOf":{"@id":"https:\/\/homologacao.sustentare.net\/site\/#website"},"datePublished":"2018-10-16T12:51:06+00:00","dateModified":"2024-05-31T11:07:42+00:00","description":"A Sustentare atua em Joinville desde 2005 - uma das mais tradicionais institui\u00e7\u00f5es de ensino na educa\u00e7\u00e3o p\u00f3s-graduada; aliando modernidade e","breadcrumb":{"@id":"https:\/\/homologacao.sustentare.net\/site\/diferenciais\/#breadcrumb"},"inLanguage":"pt-BR","potentialAction":[{"@type":"ReadAction","target":["https:\/\/homologacao.sustentare.net\/site\/diferenciais\/"]}]},{"@type":"BreadcrumbList","@id":"https:\/\/homologacao.sustentare.net\/site\/diferenciais\/#breadcrumb","itemListElement":[{"@type":"ListItem","position":1,"name":"In\u00edcio","item":"https:\/\/homologacao.sustentare.net\/site\/"},{"@type":"ListItem","position":2,"name":"Diferenciais"}]},{"@type":"WebSite","@id":"https:\/\/homologacao.sustentare.net\/site\/#website","url":"https:\/\/homologacao.sustentare.net\/site\/","name":"Sustentare - Escola de Neg\u00f3cios","description":"P\u00f3s-gradua\u00e7\u00e3o e MBA flex\u00edvel e pr\u00e1tico","publisher":{"@id":"https:\/\/homologacao.sustentare.net\/site\/#organization"},"potentialAction":[{"@type":"SearchAction","target":{"@type":"EntryPoint","urlTemplate":"https:\/\/homologacao.sustentare.net\/site\/?s={search_term_string}"},"query-input":{"@type":"PropertyValueSpecification","valueRequired":true,"valueName":"search_term_string"}}],"inLanguage":"pt-BR"},{"@type":"Organization","@id":"https:\/\/homologacao.sustentare.net\/site\/#organization","name":"Sustentare Escola de Neg\u00f3cios","url":"https:\/\/homologacao.sustentare.net\/site\/","logo":{"@type":"ImageObject","inLanguage":"pt-BR","@id":"https:\/\/homologacao.sustentare.net\/site\/#\/schema\/logo\/image\/","url":"https:\/\/homologacao.sustentare.net\/site\/wp-content\/uploads\/2019\/02\/sustentare_facebook_squareavatar.png","contentUrl":"https:\/\/homologacao.sustentare.net\/site\/wp-content\/uploads\/2019\/02\/sustentare_facebook_squareavatar.png","width":960,"height":960,"caption":"Sustentare Escola de Neg\u00f3cios"},"image":{"@id":"https:\/\/homologacao.sustentare.net\/site\/#\/schema\/logo\/image\/"},"sameAs":["https:\/\/www.facebook.com\/sustentare","https:\/\/x.com\/sustentare"]}]}},"_links":{"self":[{"href":"https:\/\/homologacao.sustentare.net\/site\/wp-json\/wp\/v2\/pages\/20","targetHints":{"allow":["GET"]}}],"collection":[{"href":"https:\/\/homologacao.sustentare.net\/site\/wp-json\/wp\/v2\/pages"}],"about":[{"href":"https:\/\/homologacao.sustentare.net\/site\/wp-json\/wp\/v2\/types\/page"}],"author":[{"embeddable":true,"href":"https:\/\/homologacao.sustentare.net\/site\/wp-json\/wp\/v2\/users\/4"}],"replies":[{"embeddable":true,"href":"https:\/\/homologacao.sustentare.net\/site\/wp-json\/wp\/v2\/comments?post=20"}],"version-history":[{"count":0,"href":"https:\/\/homologacao.sustentare.net\/site\/wp-json\/wp\/v2\/pages\/20\/revisions"}],"wp:attachment":[{"href":"https:\/\/homologacao.sustentare.net\/site\/wp-json\/wp\/v2\/media?parent=20"}],"curies":[{"name":"wp","href":"https:\/\/api.w.org\/{rel}","templated":true}]}}