{"id":129861,"date":"2020-12-07T15:27:32","date_gmt":"2020-12-07T18:27:32","guid":{"rendered":"https:\/\/www.sustentare.net\/site\/?page_id=129861"},"modified":"2026-01-22T07:19:39","modified_gmt":"2026-01-22T10:19:39","slug":"home","status":"publish","type":"page","link":"https:\/\/homologacao.sustentare.net\/site\/","title":{"rendered":"Home"},"content":{"rendered":"<p>Sustentare Escola de Neg\u00f3cios A Sustentare Escola de Neg\u00f3cios realiza programas de educa\u00e7\u00e3o continuada, oferecendo cursos de p\u00f3s-gradua\u00e7\u00e3o e MBAs (Lato Sensu), cursos de forma\u00e7\u00e3o \/capacita\u00e7\u00e3o e cursos in company, al\u00e9m de solu\u00e7\u00f5es de educa\u00e7\u00e3o (games, plataformas EaD e consultorias). A Sustentare oferece conhecimentos diferenciados aplicados, tendo como principais caracter\u00edsticas a \u201cflexibiliza\u00e7\u00e3o\u201d na aquisi\u00e7\u00e3o e na realiza\u00e7\u00e3o de programas de educa\u00e7\u00e3o e \u201cpraticidade\u201d, ou seja, que o conhecimento seja implementado atrav\u00e9s de projetos empresariais aplicados. A ess\u00eancia da Sustentare \u00e9 promover conhecimentos diferenciados e aplicados, gerando mudan\u00e7as na sociedade e agregando valor aos neg\u00f3cios.<\/p>\n<p><a href=\"https:\/\/www.google.com.br\">https:\/\/www.google.com.br<\/a><br \/>\n<a href=\"https:\/\/homologacao.sustentare.net\/site\/\">https:\/\/homologacao.sustentare.net\/site\/<\/a><\/p>\n<p>&nbsp;<\/p>\n<p><img decoding=\"async\" class=\"alignnone size-full wp-image-97715 lazyload\" data-src=\"https:\/\/homologacao.sustentare.net\/site\/wp-content\/uploads\/2018\/10\/logo_sustentare_p.jpg\" alt=\"Sustenare Escola de Neg\u00f3cios\" width=\"140\" height=\"80\" src=\"data:image\/svg+xml;base64,PHN2ZyB3aWR0aD0iMSIgaGVpZ2h0PSIxIiB4bWxucz0iaHR0cDovL3d3dy53My5vcmcvMjAwMC9zdmciPjwvc3ZnPg==\" style=\"--smush-placeholder-width: 140px; --smush-placeholder-aspect-ratio: 140\/80;\" \/><\/p>\n<p>Porque escolher a SUSTENTARE?<br \/>\nInova\u00e7\u00e3o Educacional<br \/>\nInova\u00e7\u00e3o Educacional<br \/>\nCursos e m\u00f3dulos inovadores, que antecipam tend\u00eancias do mercado.<\/p>\n<p>Corpo Docente Qualificado<br \/>\nCorpo Docente Qualificado<br \/>\nProfessores de grandes institui\u00e7\u00f5es, que dominam temas atuais e levam suas experi\u00eancias de mercado e doc\u00eancia para a sala de aula.<\/p>\n<p>Intera\u00e7\u00e3o Presencial e Digital<br \/>\nIntera\u00e7\u00e3o Presencial e Digital<br \/>\nAs aulas presenciais ou online (aovivo) permitem intera\u00e7\u00e3o direta dos alunos e professores, proporcionando networking entre profissionais de diversas \u00e1reas.<\/p>\n<p>Reconhecimento no MEC<br \/>\nReconhecimento no MEC<br \/>\nOs cursos de P\u00f3s e MBA s\u00e3o certificados pela Sustentare e Reconhecidos pelo MEC.<\/p>\n<p>Conhe\u00e7a nossos n\u00fameros<br \/>\n+ 52<br \/>\nEmpresas<br \/>\n+ 7252<br \/>\nAlunos<br \/>\n+ 29<br \/>\nCursos<\/p>\n<p>&nbsp;<\/p>\n<p>Sustentare Escola de Neg\u00f3cios A Sustentare Escola de Neg\u00f3cios realiza programas de educa\u00e7\u00e3o continuada, oferecendo cursos de p\u00f3s-gradua\u00e7\u00e3o e MBAs (Lato Sensu), cursos de forma\u00e7\u00e3o \/capacita\u00e7\u00e3o e cursos in company, al\u00e9m de solu\u00e7\u00f5es de educa\u00e7\u00e3o (games, plataformas EaD e consultorias). A Sustentare oferece conhecimentos diferenciados aplicados, tendo como principais caracter\u00edsticas a \u201cflexibiliza\u00e7\u00e3o\u201d na aquisi\u00e7\u00e3o e na realiza\u00e7\u00e3o de programas de educa\u00e7\u00e3o e \u201cpraticidade\u201d, ou seja, que o conhecimento seja implementado atrav\u00e9s de projetos empresariais aplicados. A ess\u00eancia da Sustentare \u00e9 promover conhecimentos diferenciados e aplicados, gerando mudan\u00e7as na sociedade e agregando valor aos neg\u00f3cios.<\/p>\n<p>Porque escolher a SUSTENTARE?<br \/>\nInova\u00e7\u00e3o Educacional<br \/>\nInova\u00e7\u00e3o Educacional<br \/>\nCursos e m\u00f3dulos inovadores, que antecipam tend\u00eancias do mercado.<\/p>\n<p>Corpo Docente Qualificado<br \/>\nCorpo Docente Qualificado<br \/>\nProfessores de grandes institui\u00e7\u00f5es, que dominam temas atuais e levam suas experi\u00eancias de mercado e doc\u00eancia para a sala de aula.<\/p>\n<p>Intera\u00e7\u00e3o Presencial e Digital<br \/>\nIntera\u00e7\u00e3o Presencial e Digital<br \/>\nAs aulas presenciais ou online (aovivo) permitem intera\u00e7\u00e3o direta dos alunos e professores, proporcionando networking entre profissionais de diversas \u00e1reas.<\/p>\n<p>Reconhecimento no MEC<br \/>\nReconhecimento no MEC<br \/>\nOs cursos de P\u00f3s e MBA s\u00e3o certificados pela Sustentare e Reconhecidos pelo MEC.<\/p>\n<p>A Sustentare Escola de Neg\u00f3cios realiza programas de educa\u00e7\u00e3o continuada, oferecendo cursos de p\u00f3s-gradua\u00e7\u00e3o e MBAs (Lato Sensu), cursos de forma\u00e7\u00e3o \/capacita\u00e7\u00e3o e cursos in company, al\u00e9m de solu\u00e7\u00f5es de educa\u00e7\u00e3o (games, plataformas EaD e consultorias). A Sustentare oferece conhecimentos diferenciados aplicados, tendo como principais caracter\u00edsticas a \u201cflexibiliza\u00e7\u00e3o\u201d na aquisi\u00e7\u00e3o e na realiza\u00e7\u00e3o de programas de educa\u00e7\u00e3o e \u201cpraticidade\u201d, ou seja, que o conhecimento seja implementado atrav\u00e9s de projetos empresariais aplicados. A ess\u00eancia da Sustentare \u00e9 promover conhecimentos diferenciados e aplicados, gerando mudan\u00e7as na sociedade e agregando valor aos neg\u00f3cios.<\/p>\n","protected":false},"excerpt":{"rendered":"<p>Sustentare Escola de Neg\u00f3cios A Sustentare Escola de Neg\u00f3cios realiza programas de educa\u00e7\u00e3o continuada, oferecendo cursos de p\u00f3s-gradua\u00e7\u00e3o e MBAs (Lato Sensu), cursos de forma\u00e7\u00e3o \/capacita ...","protected":false},"author":4,"featured_media":0,"parent":0,"menu_order":0,"comment_status":"closed","ping_status":"closed","template":"","meta":{"_acf_changed":false,"inline_featured_image":false,"footnotes":""},"class_list":["post-129861","page","type-page","status-publish","hentry"],"acf":[],"yoast_head":"<!-- This site is optimized with the Yoast SEO plugin v27.1.1 - https:\/\/yoast.com\/product\/yoast-seo-wordpress\/ -->\n<title>Sustentare Escola de Neg\u00f3cios - Gradua\u00e7\u00e3o, P\u00f3s-gradua\u00e7\u00e3o, MBA, extens\u00e3o e capacita\u00e7\u00e3o.<\/title>\n<meta name=\"description\" content=\"A ess\u00eancia da Sustentare Escola de Neg\u00f3cios \u00e9 promover conhecimento diferenciado, gerando mudan\u00e7as e agregando valor aos neg\u00f3cios. Cursos de p\u00f3s-gradua\u00e7\u00e3o, MBA, gradua\u00e7\u00e3o, extens\u00e3o e capacita\u00e7\u00e3o. Presencial: Joinville, SC. Tamb\u00e9m EAD \/ online.\" \/>\n<meta name=\"robots\" content=\"index, follow, max-snippet:-1, max-image-preview:large, max-video-preview:-1\" \/>\n<link rel=\"canonical\" href=\"https:\/\/homologacao.sustentare.net\/site\/\" \/>\n<meta property=\"og:locale\" content=\"pt_BR\" \/>\n<meta property=\"og:type\" content=\"article\" \/>\n<meta property=\"og:title\" content=\"Sustentare Escola de Neg\u00f3cios - Gradua\u00e7\u00e3o, P\u00f3s-gradua\u00e7\u00e3o, MBA, extens\u00e3o e capacita\u00e7\u00e3o.\" \/>\n<meta property=\"og:description\" content=\"A ess\u00eancia da Sustentare Escola de Neg\u00f3cios \u00e9 promover conhecimento diferenciado, gerando mudan\u00e7as e agregando valor aos neg\u00f3cios. Cursos de p\u00f3s-gradua\u00e7\u00e3o, MBA, gradua\u00e7\u00e3o, extens\u00e3o e capacita\u00e7\u00e3o. Presencial: Joinville, SC. Tamb\u00e9m EAD \/ online.\" \/>\n<meta property=\"og:url\" content=\"https:\/\/homologacao.sustentare.net\/site\/\" \/>\n<meta property=\"og:site_name\" content=\"Sustentare - Escola de Neg\u00f3cios\" \/>\n<meta property=\"article:publisher\" content=\"https:\/\/www.facebook.com\/sustentare\" \/>\n<meta property=\"article:modified_time\" content=\"2026-01-22T10:19:39+00:00\" \/>\n<meta property=\"og:image\" content=\"https:\/\/homologacao.sustentare.net\/site\/wp-content\/uploads\/2018\/10\/logo_sustentare_p.jpg\" \/>\n<meta name=\"twitter:card\" content=\"summary_large_image\" \/>\n<meta name=\"twitter:site\" content=\"@sustentare\" \/>\n<meta name=\"twitter:label1\" content=\"Est. tempo de leitura\" \/>\n\t<meta name=\"twitter:data1\" content=\"3 minutos\" \/>\n<script type=\"application\/ld+json\" class=\"yoast-schema-graph\">{\"@context\":\"https:\/\/schema.org\",\"@graph\":[{\"@type\":\"WebPage\",\"@id\":\"https:\/\/homologacao.sustentare.net\/site\/\",\"url\":\"https:\/\/homologacao.sustentare.net\/site\/\",\"name\":\"Sustentare Escola de Neg\u00f3cios - Gradua\u00e7\u00e3o, P\u00f3s-gradua\u00e7\u00e3o, MBA, extens\u00e3o e capacita\u00e7\u00e3o.\",\"isPartOf\":{\"@id\":\"https:\/\/homologacao.sustentare.net\/site\/#website\"},\"primaryImageOfPage\":{\"@id\":\"https:\/\/homologacao.sustentare.net\/site\/#primaryimage\"},\"image\":{\"@id\":\"https:\/\/homologacao.sustentare.net\/site\/#primaryimage\"},\"thumbnailUrl\":\"https:\/\/homologacao.sustentare.net\/site\/wp-content\/uploads\/2018\/10\/logo_sustentare_p.jpg\",\"datePublished\":\"2020-12-07T18:27:32+00:00\",\"dateModified\":\"2026-01-22T10:19:39+00:00\",\"description\":\"A ess\u00eancia da Sustentare Escola de Neg\u00f3cios \u00e9 promover conhecimento diferenciado, gerando mudan\u00e7as e agregando valor aos neg\u00f3cios. Cursos de p\u00f3s-gradua\u00e7\u00e3o, MBA, gradua\u00e7\u00e3o, extens\u00e3o e capacita\u00e7\u00e3o. Presencial: Joinville, SC. Tamb\u00e9m EAD \/ online.\",\"breadcrumb\":{\"@id\":\"https:\/\/homologacao.sustentare.net\/site\/#breadcrumb\"},\"inLanguage\":\"pt-BR\",\"potentialAction\":[{\"@type\":\"ReadAction\",\"target\":[\"https:\/\/homologacao.sustentare.net\/site\/\"]}]},{\"@type\":\"ImageObject\",\"inLanguage\":\"pt-BR\",\"@id\":\"https:\/\/homologacao.sustentare.net\/site\/#primaryimage\",\"url\":\"https:\/\/homologacao.sustentare.net\/site\/wp-content\/uploads\/2018\/10\/logo_sustentare_p.jpg\",\"contentUrl\":\"https:\/\/homologacao.sustentare.net\/site\/wp-content\/uploads\/2018\/10\/logo_sustentare_p.jpg\",\"width\":140,\"height\":80},{\"@type\":\"BreadcrumbList\",\"@id\":\"https:\/\/homologacao.sustentare.net\/site\/#breadcrumb\",\"itemListElement\":[{\"@type\":\"ListItem\",\"position\":1,\"name\":\"In\u00edcio\",\"item\":\"https:\/\/homologacao.sustentare.net\/site\/\"},{\"@type\":\"ListItem\",\"position\":2,\"name\":\"Home\"}]},{\"@type\":\"WebSite\",\"@id\":\"https:\/\/homologacao.sustentare.net\/site\/#website\",\"url\":\"https:\/\/homologacao.sustentare.net\/site\/\",\"name\":\"Sustentare - Escola de Neg\u00f3cios\",\"description\":\"P\u00f3s-gradua\u00e7\u00e3o e MBA flex\u00edvel e pr\u00e1tico\",\"publisher\":{\"@id\":\"https:\/\/homologacao.sustentare.net\/site\/#organization\"},\"potentialAction\":[{\"@type\":\"SearchAction\",\"target\":{\"@type\":\"EntryPoint\",\"urlTemplate\":\"https:\/\/homologacao.sustentare.net\/site\/?s={search_term_string}\"},\"query-input\":{\"@type\":\"PropertyValueSpecification\",\"valueRequired\":true,\"valueName\":\"search_term_string\"}}],\"inLanguage\":\"pt-BR\"},{\"@type\":\"Organization\",\"@id\":\"https:\/\/homologacao.sustentare.net\/site\/#organization\",\"name\":\"Sustentare Escola de Neg\u00f3cios\",\"url\":\"https:\/\/homologacao.sustentare.net\/site\/\",\"logo\":{\"@type\":\"ImageObject\",\"inLanguage\":\"pt-BR\",\"@id\":\"https:\/\/homologacao.sustentare.net\/site\/#\/schema\/logo\/image\/\",\"url\":\"https:\/\/homologacao.sustentare.net\/site\/wp-content\/uploads\/2019\/02\/sustentare_facebook_squareavatar.png\",\"contentUrl\":\"https:\/\/homologacao.sustentare.net\/site\/wp-content\/uploads\/2019\/02\/sustentare_facebook_squareavatar.png\",\"width\":960,\"height\":960,\"caption\":\"Sustentare Escola de Neg\u00f3cios\"},\"image\":{\"@id\":\"https:\/\/homologacao.sustentare.net\/site\/#\/schema\/logo\/image\/\"},\"sameAs\":[\"https:\/\/www.facebook.com\/sustentare\",\"https:\/\/x.com\/sustentare\"]}]}<\/script>\n<!-- \/ Yoast SEO plugin. -->","yoast_head_json":{"title":"Sustentare Escola de Neg\u00f3cios - Gradua\u00e7\u00e3o, P\u00f3s-gradua\u00e7\u00e3o, MBA, extens\u00e3o e capacita\u00e7\u00e3o.","description":"A ess\u00eancia da Sustentare Escola de Neg\u00f3cios \u00e9 promover conhecimento diferenciado, gerando mudan\u00e7as e agregando valor aos neg\u00f3cios. Cursos de p\u00f3s-gradua\u00e7\u00e3o, MBA, gradua\u00e7\u00e3o, extens\u00e3o e capacita\u00e7\u00e3o. Presencial: Joinville, SC. Tamb\u00e9m EAD \/ online.","robots":{"index":"index","follow":"follow","max-snippet":"max-snippet:-1","max-image-preview":"max-image-preview:large","max-video-preview":"max-video-preview:-1"},"canonical":"https:\/\/homologacao.sustentare.net\/site\/","og_locale":"pt_BR","og_type":"article","og_title":"Sustentare Escola de Neg\u00f3cios - Gradua\u00e7\u00e3o, P\u00f3s-gradua\u00e7\u00e3o, MBA, extens\u00e3o e capacita\u00e7\u00e3o.","og_description":"A ess\u00eancia da Sustentare Escola de Neg\u00f3cios \u00e9 promover conhecimento diferenciado, gerando mudan\u00e7as e agregando valor aos neg\u00f3cios. Cursos de p\u00f3s-gradua\u00e7\u00e3o, MBA, gradua\u00e7\u00e3o, extens\u00e3o e capacita\u00e7\u00e3o. Presencial: Joinville, SC. Tamb\u00e9m EAD \/ online.","og_url":"https:\/\/homologacao.sustentare.net\/site\/","og_site_name":"Sustentare - Escola de Neg\u00f3cios","article_publisher":"https:\/\/www.facebook.com\/sustentare","article_modified_time":"2026-01-22T10:19:39+00:00","og_image":[{"url":"https:\/\/homologacao.sustentare.net\/site\/wp-content\/uploads\/2018\/10\/logo_sustentare_p.jpg","type":"","width":"","height":""}],"twitter_card":"summary_large_image","twitter_site":"@sustentare","twitter_misc":{"Est. tempo de leitura":"3 minutos"},"schema":{"@context":"https:\/\/schema.org","@graph":[{"@type":"WebPage","@id":"https:\/\/homologacao.sustentare.net\/site\/","url":"https:\/\/homologacao.sustentare.net\/site\/","name":"Sustentare Escola de Neg\u00f3cios - Gradua\u00e7\u00e3o, P\u00f3s-gradua\u00e7\u00e3o, MBA, extens\u00e3o e capacita\u00e7\u00e3o.","isPartOf":{"@id":"https:\/\/homologacao.sustentare.net\/site\/#website"},"primaryImageOfPage":{"@id":"https:\/\/homologacao.sustentare.net\/site\/#primaryimage"},"image":{"@id":"https:\/\/homologacao.sustentare.net\/site\/#primaryimage"},"thumbnailUrl":"https:\/\/homologacao.sustentare.net\/site\/wp-content\/uploads\/2018\/10\/logo_sustentare_p.jpg","datePublished":"2020-12-07T18:27:32+00:00","dateModified":"2026-01-22T10:19:39+00:00","description":"A ess\u00eancia da Sustentare Escola de Neg\u00f3cios \u00e9 promover conhecimento diferenciado, gerando mudan\u00e7as e agregando valor aos neg\u00f3cios. Cursos de p\u00f3s-gradua\u00e7\u00e3o, MBA, gradua\u00e7\u00e3o, extens\u00e3o e capacita\u00e7\u00e3o. Presencial: Joinville, SC. Tamb\u00e9m EAD \/ online.","breadcrumb":{"@id":"https:\/\/homologacao.sustentare.net\/site\/#breadcrumb"},"inLanguage":"pt-BR","potentialAction":[{"@type":"ReadAction","target":["https:\/\/homologacao.sustentare.net\/site\/"]}]},{"@type":"ImageObject","inLanguage":"pt-BR","@id":"https:\/\/homologacao.sustentare.net\/site\/#primaryimage","url":"https:\/\/homologacao.sustentare.net\/site\/wp-content\/uploads\/2018\/10\/logo_sustentare_p.jpg","contentUrl":"https:\/\/homologacao.sustentare.net\/site\/wp-content\/uploads\/2018\/10\/logo_sustentare_p.jpg","width":140,"height":80},{"@type":"BreadcrumbList","@id":"https:\/\/homologacao.sustentare.net\/site\/#breadcrumb","itemListElement":[{"@type":"ListItem","position":1,"name":"In\u00edcio","item":"https:\/\/homologacao.sustentare.net\/site\/"},{"@type":"ListItem","position":2,"name":"Home"}]},{"@type":"WebSite","@id":"https:\/\/homologacao.sustentare.net\/site\/#website","url":"https:\/\/homologacao.sustentare.net\/site\/","name":"Sustentare - Escola de Neg\u00f3cios","description":"P\u00f3s-gradua\u00e7\u00e3o e MBA flex\u00edvel e pr\u00e1tico","publisher":{"@id":"https:\/\/homologacao.sustentare.net\/site\/#organization"},"potentialAction":[{"@type":"SearchAction","target":{"@type":"EntryPoint","urlTemplate":"https:\/\/homologacao.sustentare.net\/site\/?s={search_term_string}"},"query-input":{"@type":"PropertyValueSpecification","valueRequired":true,"valueName":"search_term_string"}}],"inLanguage":"pt-BR"},{"@type":"Organization","@id":"https:\/\/homologacao.sustentare.net\/site\/#organization","name":"Sustentare Escola de Neg\u00f3cios","url":"https:\/\/homologacao.sustentare.net\/site\/","logo":{"@type":"ImageObject","inLanguage":"pt-BR","@id":"https:\/\/homologacao.sustentare.net\/site\/#\/schema\/logo\/image\/","url":"https:\/\/homologacao.sustentare.net\/site\/wp-content\/uploads\/2019\/02\/sustentare_facebook_squareavatar.png","contentUrl":"https:\/\/homologacao.sustentare.net\/site\/wp-content\/uploads\/2019\/02\/sustentare_facebook_squareavatar.png","width":960,"height":960,"caption":"Sustentare Escola de Neg\u00f3cios"},"image":{"@id":"https:\/\/homologacao.sustentare.net\/site\/#\/schema\/logo\/image\/"},"sameAs":["https:\/\/www.facebook.com\/sustentare","https:\/\/x.com\/sustentare"]}]}},"_links":{"self":[{"href":"https:\/\/homologacao.sustentare.net\/site\/wp-json\/wp\/v2\/pages\/129861","targetHints":{"allow":["GET"]}}],"collection":[{"href":"https:\/\/homologacao.sustentare.net\/site\/wp-json\/wp\/v2\/pages"}],"about":[{"href":"https:\/\/homologacao.sustentare.net\/site\/wp-json\/wp\/v2\/types\/page"}],"author":[{"embeddable":true,"href":"https:\/\/homologacao.sustentare.net\/site\/wp-json\/wp\/v2\/users\/4"}],"replies":[{"embeddable":true,"href":"https:\/\/homologacao.sustentare.net\/site\/wp-json\/wp\/v2\/comments?post=129861"}],"version-history":[{"count":0,"href":"https:\/\/homologacao.sustentare.net\/site\/wp-json\/wp\/v2\/pages\/129861\/revisions"}],"wp:attachment":[{"href":"https:\/\/homologacao.sustentare.net\/site\/wp-json\/wp\/v2\/media?parent=129861"}],"curies":[{"name":"wp","href":"https:\/\/api.w.org\/{rel}","templated":true}]}}